 -6 + 38 + -12 + -15?
7
What is 11 + -17 - 11 - (0 - 5)?
-12
(0 + 0 - 7 - -20) + -4 + -2
7
Calculate 11 - (22 + -5 + -4).
-2
Evaluate (7 - 6) + -16 + 18.
3
Evaluate 17 - 14 - (5 + -1) - (5 + 0).
-6
Calculate -677 - -670 - (2 - -15).
-24
What is -7 - (-4 - (-17 + 7) - (4 + 15))?
6
12 + -6 + -4 + 3 + -4 + -2
-1
Calculate 119 + -109 + -19 + 4 + 4.
-1
What is the value of 0 - -9 - (-259 - -245)?
23
Evaluate -14 + 0 + (13 - 2).
-3
What is 2 + (9 + -20 - -7) - -21?
19
(-13 - (-15 - -6)) + 4 - -10
10
Calculate -11 + 20 + 1 + (14 - 7).
17
4 + 20 + -5 - (7 - (-7 - -8))
13
Calculate 2 + (19 + -12 - 7) - (-12 + -1).
15
What is -4 + (20 - (11 + (10 - 8)))?
3
What is 30 + (-1 - (8 - -7)) + 5?
19
Evaluate -3 + (-15 - -22) + -29.
-25
Evaluate -16 + (1 - (-8 + -8)) + -1 + 14.
14
What is 0 + -14 + 95 + -65?
16
What is the value of -19 - (6 + 1) - -3 - -9?
-14
Calculate -25 + (53 - 32) + 7.
3
Evaluate -15 + (23 - (16 - 4)).
-4
84 + -89 + 13 + 10 + -2 + -5
11
Calculate -1 - -3 - ((-10 - -7) + 5 + -1).
1
What is 0 + -8 - (-29 - (-25 + 9))?
5
Calculate (-31 - -21) + 7 - -10.
7
Evaluate -17 + 4 + 10 + (-19 - -5).
-17
(-10 - (-5 + -1)) + (-1 - (0 - 3))
-2
1 + (7 + (5 - 9) - (2 + 3))
-1
Calculate 15 - (14 + -12) - -10.
23
What is the value of 15 + -6 + -14 + 27 + -15?
7
Evaluate 5 + -18 - (16 + -15).
-14
Calculate 19 + (-4 - 3) + 5 + (6 - -7).
30
What is the value of 30 - (3 - ((34 - 41) + (-3 - -3)))?
20
Calculate -18 - (4 - 22) - (-1 - -5).
-4
Evaluate 1 + 0 - 1 - ((0 - 1) + 6).
-5
What is the value of 48 + (3 - -34) + -46?
39
Calculate -7 + 18 + 7 - (3 + 2).
13
Calculate 0 + -1 + (-17 - -21 - 8).
-5
Evaluate (-11 + 4 - -14) + -29 + 10.
-12
Evaluate ((10 - (7 - 0)) + -8 - -4) + -4.
-5
Evaluate 12 - ((-2 - -21) + 6).
-13
-20 + -22 + 48 + 1 + -27
-20
What is the value of -9 + 2 - (-20 + 2)?
11
What is -9 + (11 - (-11 - 0)) + (3 - 1)?
15
What is the value of -46 + (9 - -2 - 4) + 7?
-32
What is (50 - 47) + -1 + 0 - -4?
6
What is -3 + (14 - 46) - (-6 - 5)?
-24
What is 13 + -12 - (-9 + -1)?
11
Evaluate (-17 - (-3 + -10) - -8) + 0 + 20.
24
Evaluate 25 + -17 - (10 - -1).
-3
What is the value of 0 - (-2 + -5 + (6 - 11) + 12)?
0
Evaluate -1 + (12 + 2 - -1).
14
Evaluate (1 - -21) + 610 + -665.
-33
What is (131 - 118) + (-18 - 2)?
-7
What is the value of (0 - (5 + -2 + 12)) + 36?
21
Evaluate -19 - (-15 + -17 + 18 + 3).
-8
15 + -21 + -7 - -40
27
What is 30 + -19 + 20 + -12 + -42?
-23
Calculate 42 + (52 - 56) + -2 + 1.
37
What is the value of (26 - -1) + (-4 + 4 - (17 - 8))?
18
What is the value of 1 + -1 + 1 - (-188 - -200)?
-11
Evaluate 2775 - 2740 - (1 + 5).
29
4 - ((-5 + 0 - -2) + -1)
8
What is -5 + -4 - -7 - (-6 + -1)?
5
Evaluate -1048 - -1044 - (-8 + 2 + -1).
3
What is the value of (-2 - -6) + -16 - (6 + 1)?
-19
Evaluate -30 + (-7 - -29) - (-6 + 0 + 1).
-3
Calculate (-4 - 10 - -9) + (-3 - (-9 + 0)).
1
-3 + (-5 - (-4 - -11 - 7 - 3))
-5
What is (10 - (-9 + 13)) + 19 - 11?
14
Calculate -5 - (-4 + 9) - -10 - -4.
4
What is 12 + 20 + -5 + (-14 - -10)?
23
Calculate 3 + -3 + (22 - 7) + -6.
9
(22 - 42) + 25 + -12
-7
What is the value of 10 - (11 - (-25 - -16))?
-10
(-30 - -12) + 6 - (12 - 10)
-14
What is 8 + (-14 - (4 - 13))?
3
What is the value of (-4 + 6 - 26) + 19?
-5
-21 - (-5 - (57 - 25))
16
What is the value of -7 - ((-1 - (-10 - (4 - 3))) + -2)?
-15
Calculate -4 + (5 - (1 - 6) - 3).
3
What is the value of -338 + 336 - (2 + 1 + 28)?
-33
What is the value of 8 + (9 + (13 - 7 - 17) - -3)?
9
1 + -2 - (-21 - -23) - 8
-11
-9 - ((-21 - (-35 + 9)) + 0 + -9)
-5
What is the value of -13 + (-13 - -13) + 8 - (4 - -2)?
-11
What is the value of 5 - ((1 - (0 - -10)) + -82 + 76)?
20
Calculate 7 + (1 - (0 - 2) - 4 - -7).
13
24 - (-149 + 147 + (14 - 1))
13
What is 19 + (-10 - 23) - 17?
-31
Evaluate 3 + 3 + (-12 - (4 - -2)).
-12
Evaluate (0 + 2 - 8) + 33 + -29 + 8.
6
What is the value of (-41 + 44 - 4) + (0 - (-4 + -1))?
4
0 - (-26 - -10) - ((-6 - -11) + 3)
8
What is the value of (-1 - 7) + -14 + -6 + 27 - 1?
-2
Evaluate 1 - (-4 - 3) - (-16 + 11).
13
What is the value of (-3 - -5 - 2 - 1) + (-49 - -54)?
4
What is 10 + 1 - (39 + -25 + -7) - 7?
-3
Evaluate -6 + 10 + (11 - 21 - -10).
4
Evaluate 0 - (9 - (15 - 4) - -6).
-4
What is the value of (59 - 64) + (12 - (-2 + (0 - -2)))?
7
What is the value of 9 - (-7 - -2 - (4 - (8 - 11)))?
21
(29 - (-10 - -19)) + -20
0
Evaluate -29 + 18 + -5 + -4 + 11.
-9
What is (-34 - -34) + 7 - (5 + -1)?
3
What is the value of (-13 + 9 - 9) + 21?
8
8 + -5 + (26 + -17 - (0 + -5))
17
What is (16 + -25 + -10 - -17) + -8?
-10
What is the value of (1 - (-4 + 2)) + (-26 - -12) + 14?
3
Calculate 4 + 0 + (-3 - -2) - (75 + -59).
-13
Calculate (-395 - -386) + (-12 - -2).
-19
504 - 527 - (-10 + 1)
-14
What is 4 + -6 + -19 - (-52 - -38)?
-7
What is -2 - -10 - ((-4 - -1) + 182 + -186)?
15
Evaluate (-10 - (-7 - 10)) + -6.
1
Evaluate -1 + 10 + (88 - 99) + 27.
25
-1 - (1 - (9 - (6 - (0 - 1))))
0
What is the value of (-15 - -2) + (-13 + 24 - 8)?
-10
Calculate (-3 - 0) + (25 - 47 - -10).
-15
What is (-8 - -3) + 1 - (0 + -1) - -2?
-1
What is 0 + -5 + 6 + 6?
7
(25 - 2) + -21 + (-12 - -2)
-8
What is (-20 - -3) + -10 + 23 + (8 - -2)?
6
410 + -429 + (3 - 2) + -1
-19
Calculate -97 - -118 - (3 + 3 + -2).
17
What is -5 + -5 - (-7 + (13 - 53))?
37
24 + -14 - -7 - (-1 - -38)
-20
What is the value of -5 + 11 + 1 - -5 - -11?
23
What is the value of 10 + (-6 - -4) + -1?
7
Evaluate 24 + -10 + -33 - -32.
13
(42 - (3 + 9)) + -7 + 0
23
Evaluate 10 - (6 - (-9 + 14 - -11)).
20
Calculate 1 + -6 + (38 - (55 + -28)).
6
Calculate -7 - (-16 - (10 - 18)) - -12.
13
4 - ((0 - -2) + 48 + -53)
7
What is (-40 + 46 - 8) + 11?
9
What is the value of 8 + (-14 + 32 + -21 - (0 - 8))?
13
What is 2 + -1 + -155 + 147?
-7
-5 + (28 - (4 + 0) - 0 - 7)
12
What is (31 - -13) + (11 - (3 + (-12 - -32)))?
32
What is -22 - (35 - 29 - 28)?
0
What is the value of 0 + -2 + 15 + -22 + -36 + 66?
21
What is -24 - (13 - 7 - 6 - 4)?
-20
What is 38 - 10 - 12 - 6?
10
What is (25 - 33 - 12) + 0?
-20
-5 - (11 - -1 - (-11 + 16))
-12
What is the value of 8 + (-12 - -5) - 5 - -8?
4
Evaluate 68 - 91 - (1 + -12).
-12
What is the value of -5 + 7 + -10 + -2 + 8?
-2
What is 22 - (11 - (12 + (10 - 13)))?
20
0 - (1 - -9 - 10) - (18 - -7)
-25
667 - 619 - (17 - 1)
32
Calculate -23 + 3 + 3 + (-6 - -11).
-12
-32 + -8 + (-7 - -17) + -8 + 9
-29
What is the value of (-10 - (14 - 21)) + -12?
-15
What is the value of -5 - 1 - (-3 - -4)?
-7
Calculate 11 - (15 + (10 - 9) + -17).
12
8 + -12 - (5 + -3 + (2 - 3))
-5
Calculate -32 + 27 - (3 - 6 - -6 - 20).
12
Evaluate -5 + 2 + (-4 - -5) + -9.
-11
What is (5 + -6 - -3) + 17 + (14 - 20)?
13
What is the value of -1 - (-4 + 3 + 13 + -6)?
-7
Evaluate -7 + -6 + 32 + -4 + -5 + -6.
4
What is -8 + (-3 - 1 - -9) - -6?
3
What is the value of -9 - (1 + (11 - (5 + -2) - 8))?
-10
What is the value of (-3 - 2) + (-2 - (-15 - -9)) + 0?
-1
Evaluate -8 - -16 - 12 - -7.
3
What is 7 - (-24 + 22 + (5 - -15))?
-11
What is the value of -8 - (55 + -44 + -1 + 2)?
-20
What is the value of 33 + (-23 + 20 - 28)?
2
Calculate 25 - (5 - 0 - (67 - 72)).
15
What is 0 + -23 + 45 + (51 - 93)?
-20
What is (-14 - 4) + -26 + 18 + (-1 - -16)?
-11
Calculate (-22 - (18 - 32)) + 6.
-2
What is -2 - -4 - ((0 - 10) + 17)?
-5
Calculate 13 - (5 + 10 + -1) - -6.
5
Calculate -26 - 2 - ((-19 - (-8 + -5)) + 17).
-39
Evaluate 7 + (38 - 29) + -5.
11
What is the value of 4 + (6 - 0) + -23 - -9?
-4
What is the value of 4 - -6 - (-4 - (4 + -12 - 1))?
5
What is the value of 34 - (-6 + 46 - -16)?
-22
What is the value of -11 + -7 + 9 + -2?
-11
(19 - -4) + -6 - (-1 + -1)
19
Evaluate 8 + 3 - (42 - 34).
3
Calculate -514 + 491 + 1 + 29.
7
What is the value of -7 + -18 + 0 + (-9 - -20 - 10)?
-24
Calculate -18 + 26 + -10 + 3.
1
What is 6 + (0 - 3) + (87 - 93)?
-3
Evaluate -45 + 16 - (-132 + 76).
27
What is 0 + -11 + (54 - 50) + 0?
-7
What is the value of (-6 - -2) + 14 - (6 - 9)?
13
What is the value of (2579 - 2565) + (-36 - (-1 - -2))?
-23
What is the value of (-7 - -7 - (-7 - -19)) + (-20 - -23)?
-9
Evaluate 2 - (-2 - -5) - (6 + -8 + -3).
4
Evaluate (-14 - (-11 - -4)) + (-13 - (-1 + 5)).
-24
What is the value of (-77 - -58 - (-9 + 2 + -2)) + -6?
-16
What is the value of 4 + (0 + -6 - (-4 + 5)) + 9?
6
What is the value of -4 + 4 + (6 - (3 - (-5 - -6)))?
4
What is the value 